0*(-4258)/(-5) composite?
False
Suppose -4*m = -4*f - 24848, -3*f - 31070 = 6*m - 11*m. Is m a prime number?
True
Let b(l) = l**3 + 3*l**2 - 11*l + 34. Let y be (9 + -18)/(2 - (1 + 2)). Is b(y) a composite number?
False
Suppose 17*s - 12*s = 9*s. Suppose -3*g + 6*g - 543 = s. Is g composite?
False
Suppose -4*i + 3778 = -4*t - 11558, -t = 2*i - 7683. Is i prime?
False
Let v(f) = f**3 - 2*f**2 - 8*f - 2. Let z be v(6). Suppose -3*l - 16 = -4*n, -2*n + 3*n = 4*l + 4. Suppose 3*i - z - 353 = l. Is i prime?
True
Let m be 1*((-6)/(-10))/((-9)/(-45)). Suppose -b = 4*w - 1426 + 259, m*w = -b + 1163. Is b composite?
False
Suppose q = -2*m - 860, 2*m - 17*q = -14*q - 852. Is (-2)/(-3)*m/(-22) a composite number?
False
Let t(c) = -273*c**3 + c**2 - 3*c + 2. Is t(-3) composite?
True
Let a(t) be the third derivative of t**6/120 - t**5/60 - t**4/8 + 5*t**3/6 + 5*t**2. Let b(j) be the first derivative of a(j). Is b(-8) composite?
True
Let o(w) = 2440*w**2 - 4*w + 5. Is o(2) prime?
False
Suppose 5*b + 6888 = 2*f, -5*f + 17239 = -20*b + 17*b. Is f a composite number?
False
Let k(q) = 47*q + 3. Let v be k(1). Suppose -3*z + v = -439. Is z composite?
False
Suppose -30*c + 280571 + 88999 = 0. Is c a prime number?
False
Let d be (-2)/(0 + 3/(-6)). Suppose -4 = -2*s, f - 2899 = -d*f + 3*s. Is f a composite number?
True
Is -2*-2*9/(-60)*-12745 composite?
True
Is ((-2)/(-30)*9609)/(3/15) a composite number?
False
Let x(l) = 13*l**2 + 31*l - 265. Is x(42) a prime number?
False
Suppose -5*w = 5*y - 55, -y + 2 = -1. Let b = 13 - w. Suppose -b*g = -0*g - 565. Is g a composite number?
False
Suppose 0 = t + 45 + 39. Is ((-33282)/t + 4/14)*2 a composite number?
True
Suppose 7 = 3*i - 5*z - 1568, -2*i + 1050 = -4*z. Let h = -314 + i. Is h prime?
True
Suppose 22*t + 50699 = 33*t. Is t composite?
True
Let d = -10898 + 30421. Is d composite?
True
Suppose 7*y - 10*y - 2178 = 0. Let w = y + 1703. Is w composite?
False
Let t(l) = l**2 + 6*l + 14. Let u be t(-4). Let p(o) = o**2 - 3*o**2 + 4*o**2 - o**2 + 22 + u*o. Is p(11) a composite number?
True
Suppose -2*c + s + 22 = 0, 0*s - 68 = -4*c - 4*s. Let b = c + 9. Is b composite?
True
Suppose 5*a = 2*k - 481, -739 = -k - 2*k + 4*a. Let o = k + 228. Is o a composite number?
True
Let d(s) = s**2 - 4*s - 61. Let a be d(-6). Is 68/(-8)*134*a prime?
False
Let r(f) = 104*f**3 - f**2 + 4*f - 31. Is r(10) a composite number?
True
Let o = 21181 + -2016. Is o a prime number?
False
Let j be (-8 + 2)*(-12)/18. Suppose 2*h + 3*t = 4*t + j, t = -4*h + 8. Suppose h*i - o + 4*o = 100, 0 = 2*i + o - 104. Is i prime?
True
Let x = 0 + 2. Suppose 4 = x*g - 32. Is 20718/g - (0 - 0) prime?
True
Suppose -2*r - 2*r = -208. Let h(m) = m**2 - 18*m + 10. Let o be h(15). Let s = r - o. Is s a composite number?
True
Suppose 0 = o - 5*u + 11, u + 7 = o + 2*u. Suppose 7*a - 2*q = o*a + 1219, -830 = -2*a - 3*q. Is a a prime number?
True
Let r = 16734 + -9899. Is r a prime number?
False
Let f = 41 + -38. Suppose -4*r + 112 = -7*d + f*d, d + 59 = 2*r. Is r a prime number?
True
Let a = -4 - 10. Is a/(-7)*(-573)/(-6) a prime number?
True
Let d = -10857 - 5391. Is d/(-64) - (-2)/16 composite?
True
Let v = -35 + 37. Suppose 2*k = 4*h + 39 + 11, -v*k + 47 = -5*h. Is k a composite number?
False
Let n(o) = 10*o**3 - 2*o + 1. Let m be n(1). Let d be -1*(-7 + m/3). Suppose d*s + 445 = 3*j + 2997, -s + 647 = -3*j. Is s a composite number?
True
Let d(w) = -12*w**2 + w + 28. Let y(i) = 11*i**2 - i - 29. Let v(k) = -5*d(k) - 4*y(k). Is v(-7) prime?
False
Let k = 34 + -21. Let r = k + -15. Is (-932)/(-7) - r/(-14) composite?
True
Let x be -3 - 1*15/(-5). Suppose x = -6*l + 9*l - 2*n - 755, 0 = 3*l - 3*n - 756. Is l prime?
True
Let c(z) = -z**3 - z**2 - 2*z + 5567. Is c(0) composite?
True
Suppose 146*l = 90*l + 108472. Is l a prime number?
False
Suppose 0 = 44*x - 50*x + 580002. Is x composite?
False
Suppose -6 = -26*c + 29*c, 5*c - 2196 = -2*y. Is y a composite number?
False
Let j = 1748 + -1036. Suppose j = -3*x + 5*t, 0 = 7*x - 2*x + 2*t + 1135. Let z = 1488 + x. Is z a prime number?
True
Is (-55970)/(-8) + -1 + (-14)/56 composite?
True
Let i(f) = 138*f**2 - 12*f - 1. Is i(5) prime?
True
Suppose 1 = -5*m + 11. Let y be m*13*(-28)/(-8). Suppose -u + 0*u + y = 0. Is u a composite number?
True
Let q(s) = s**3 + 5*s**2 + 5. Let z be q(-5). Suppose -5*g - 4002 = -4*y, 3*y + 0*y = -z*g + 3019. Is y a prime number?
False
Let c be (-3395)/(-14)*((-36)/(-15))/3. Suppose 0 = -9*b + 8*b + c. Is b a composite number?
True
Let b = 22 - 19. Let q be 2 + 9/b + -3. Suppose q*n - 6*n = -884. Is n a prime number?
False
Suppose -3*z = -z - 2*k - 10, 4*z = 2*k + 12. Let v be z - -3 - (-2 - 531). Let m = v + -286. Is m a composite number?
False
Suppose -11*a - 1016 = -7*a. Let j = a + 397. Is 0/((-6)/3) + j a composite number?
True
Suppose 10 = -2*a, -5*s - 2*a = -446 - 384. Suppose -5*h - s = -q, 5 = -7*h + 2*h. Is q a composite number?
False
Suppose 15*o = 5*o + 30. Let c(b) = 7*b**2 + b - 11. Is c(o) a composite number?
True
Suppose 0 = -z - 0 + 4. Suppose 4*f = 11*f - 3668. Suppose -z*b - 1026 = -2*u, 4*b = 3*u - 1013 - f. Is u a prime number?
False
Suppose 5*f + 58 - 8 = 0. Let d be (6/f)/(2/(-10)). Suppose 0*b - d*b = -63. Is b a composite number?
True
Let a(p) = 50*p**2 + 33*p + 239. Is a(26) composite?
False
Is (7 + 5920/(-24))*-51 a prime number?
False
Suppose -5*v + 5*w + 43900 = 0, 22*v - 27*v = -w - 43896. Is v composite?
False
Is (1224 - 12) + -3 + -2 composite?
True
Let l(f) = -f - 8. Let h be l(-7). Is (339/2)/(h/(-2)) prime?
False
Suppose -2179 = -2*w - 3*j, 5*j = -31*w + 27*w + 4353. Is w prime?
False
Let k(j) = 3*j - 6. Let h be k(3). Suppose 3*s + 5*z = 340, -2*z + 343 = h*s - 0*s. Is s prime?
False
Let h be ((-36)/(-30))/(1/(-5)). Let v = -3 - h. Suppose -v*w + 4*g - 1016 = -7*w, w = g + 252. Is w a prime number?
False
Let t be (-3 - -2)/(6/2568). Let d = t - -985. Is d composite?
False
Suppose -b + 10442 = g, g + 2 + 1 = 0. Is b prime?
False
Let k(m) = 58*m**2 - 6*m + 3. Let o = 47 + -45. Is k(o) a composite number?
False
Let h be ((-211)/2)/(4/(-80)). Suppose -11*t + 112 = -4*t. Suppose 21*s - h = t*s. Is s composite?
True
Let j(l) = -2*l - 2. Let t be j(-2). Let x = -2 + t. Suppose 3*d = -d + 4*a + 352, x = -3*d + a + 254. Is d a composite number?
False
Suppose -2*y = -6*y - 108. Suppose -3 = 4*t - 15. Is 530/t - 9/y a prime number?
False
Let n(p) = -7*p - 3. Let v(j) = j**2 + 8*j + 8. Let d be v(-8). Let t be -4*(-2 + d/2). Is n(t) composite?
False
Let r(t) be the first derivative of 4*t - 7/2*t**2 + 2. Is r(-7) a prime number?
True
Let n = 2365 + -1284. Is n a prime number?
False
Let p(s) = 13 + 456*s - 25*s + 847*s - 20*s. Is p(3) a composite number?
True
Let i be (-1431)/(-45) - 1/(-5). Suppose 2*k - i = 4*k. Is k/(-24) - (-2270)/6 composite?
False
Let q(j) = -j - 8. Let y be q(-8). Suppose y = 19*k - 18*k - 5. Let z(n) = n**3 - 4*n**2 - n - 5. Is z(k) prime?
False
Let b be (-64)/48*(-78)/(-4). Let o = -23 - b. Suppose 12 = 3*u, 0*p - 142 = -2*p + o*u. Is p composite?
True
Suppose -h + 50 = 4*h. Suppose -s = 4*k - h, 0*k + 11 = 2*s - k. Suppose -708 = 2*y - s*y. Is y a composite number?
True
Let n = -445 - -657. Let f = n - 74. Let v = f - 59. Is v a composite number?
False
Let k = -100 + 130. Is ((-105)/k)/(1/(-346)) a composite number?
True
Let c(u) be the second derivative of 2*u**4/3 - u**3/2 + 7*u. Is c(-7) prime?
False
Let n = 4213 + -1721. Suppose n = t + 3*t. Is t a prime number?
False
Suppose -r - 9 = 3*w, -2*w - r - 2*r = 13. Let t(b) = -35*b**3 - 3*b**2 + 3*b + 3. Is t(w) composite?
True
Suppose 0 = 5*o - 3*h - 81, 4*o - 5*h = o + 55. Is 4*76 + o + -12 a prime number?
True
Let r be ((-16)/5)/(2/(-110)). Let a = r + 725. Suppose -7*c + 604 = -a. Is c composite?
True
Suppose -93*m = 4*s - 90*m - 361763, 0 = -s + m + 90446. Is s composite?
True
Let w = -52 + 35. Let j = 52 + w. Is j a composite number?
True
Let t(n) = 3*n**2 + 2*n - 27. Let b be t(-10). Is (b/11)/(2/14) prime?
False
Suppose -57 = -6*l + 3*l. Let m = -25 + l. Is (m/4)/((-7)/1946) a prime number?
False
Suppose -v = -3*c - 3520, -6*c - 14045 = -4*v - c. Is v composite?
True
Let q(u) = 26*u**2 - 15*u - 7. Let f be q(7). Suppose 104 = 6*a - f. Is a a prime number?
True
Is (5 + (-63)/14)/(2/26164) a